-10775451
Convert -3af83 (base 16) to base 12.
-b7943
Convert -111110022 (base 4) to base 10.
-87306
What is eb864a (base 15) in base 3?
210002212012121
Convert -24b916 (base 12) to base 11.
-380540
Convert -166578 (base 13) to base 16.
-87ef1
Convert -205012 (base 6) to base 3.
-211211022
What is 1010001011011101100110 (base 2) in base 16?
28b766
-2244412441 (base 5) to base 6
-300443552
144756 (base 9) to base 5
10320302
Convert -4644374 (base 8) to base 10.
-1263868
Convert -13b512 (base 12) to base 16.
-50c1e
Convert 13041134 (base 5) to base 16.
1f2b5
Convert 124120000 (base 5) to base 12.
25721a
Convert ca95c7 (base 14) to base 11.
3968a49
10000001110001010000 (base 2) to base 11
333395
What is 709a2 (base 11) in base 2?
11001010100001000
Convert -202212111212 (base 3) to base 15.
-81abb
208108 (base 10) to base 8
626354
What is 110002120120 (base 3) in base 11?
152961
What is 11012 (base 8) in base 3?
20100001
-111110101100000011 (base 2) to base 9
-431201
What is 303131220023 (base 4) in base 11?
7684842
-1953310 (base 10) to base 12
-7a247a
Convert 1043320023 (base 5) to base 14.
4468a6
What is -4d1bf (base 16) in base 4?
-1031012333
30333233 (base 5) to base 3
110111112122
Convert -1102112020101 (base 3) to base 15.
-eea57
-2a568 (base 13) to base 4
-103202113
What is -1ad28 (base 14) in base 5?
-4142230
Convert 20111222102 (base 3) to base 7.
1043006
What is -4b80b (base 12) in base 13?
-37c1c
What is 897b7 (base 12) in base 7?
1360216
-1b580e (base 15) to base 16
-145e9b
Convert -29576a (base 11) to base 12.
-1a3061
Convert 4a2350 (base 12) to base 15.
18c7c6
What is -544313410 (base 6) in base 5?
-4442323440
What is 74a2b3 (base 13) in base 4?
22123322011
What is -b45a0 (base 15) in base 16?
-8b902
Convert 144340323 (base 5) to base 14.
163540
What is 814772 (base 10) in base 16?
c6eb4
Convert -1632d8 (base 15) to base 2.
-100000110001011101111
332671 (base 11) to base 14
db4bc
-517b4 (base 13) to base 8
-435634
What is -100111111111111 (base 2) in base 8?
-47777
What is -57c5b7 (base 15) in base 9?
-7800701
Convert -11001121002112 (base 3) to base 11.
-12437a2
Convert 353530014 (base 6) to base 11.
3812730
What is 104410034 (base 5) in base 6?
13554353
Convert 10142524 (base 6) to base 13.
a37aa
Convert 2220510 (base 9) to base 4.
10203220110
22010121111 (base 3) to base 2
100111000101100000
Convert -3dcb07 (base 14) to base 12.
-877057
Convert -6610217 (base 10) to base 11.
-3805399
-323336 (base 8) to base 13
-3a373
-13c3b97 (base 14) to base 10
-9614521
Convert 2188363 (base 9) to base 2.
100100000001110000111
-120202002 (base 3) to base 10
-11477
What is -38c5b (base 13) in base 2?
-11001101110010011
-3775261 (base 8) to base 9
-1865454
-255415 (base 8) to base 16
-15b0d
What is -71728 (base 9) in base 3?
-2101210222
What is 943555 (base 11) in base 13?
40c6a1
Convert 102291 (base 11) to base 3.
22100001010
1066489 (base 12) to base 7
35350302
-48273 (base 12) to base 2
-10111101101110111
What is 990bb (base 12) in base 8?
613117
What is -283700 (base 9) in base 15?
-36560
Convert -8805 (base 9) to base 7.
-24623
-7225820 (base 9) to base 3
-21020212220200
Convert -29766 (base 13) to base 16.
-13152
What is 222242154 (base 6) in base 11?
23055a9
671440 (base 8) to base 3
102111010100
-15770040 (base 9) to base 16
-788958
What is -1123335 (base 7) in base 15?
-2b940
-2678334 (base 11) to base 5
-2140413323
Convert -825349 (base 11) to base 6.
-44221053
Convert 12122020122202 (base 3) to base 11.
1767495
What is 32529 (base 11) in base 16?
b875
-12311111110 (base 4) to base 7
-21140332
Convert -b0a98 (base 14) to base 15.
-85c65
19879a (base 11) to base 13
a8743
259346 (base 13) to base 12
378195
What is -3233120 (base 4) in base 13?
-6c86
Convert 3234819 (base 11) to base 6.
321520444
Convert -10111231201 (base 4) to base 5.
-242400010
Convert 141273 (base 8) to base 10.
49851
Convert -bbe2d (base 15) to base 7.
-5035042
Convert 10110202021 (base 3) to base 4.
100223320
Convert 708a01 (base 11) to base 14.
219248
Convert -17de5c (base 15) to base 6.
-40514210
What is 11552626 (base 7) in base 5?
231210412
-1111001111 (base 2) to base 13
-5a0
Convert -12100000 (base 4) to base 9.
-38104
Convert -53361 (base 14) to base 4.
-301010121
Convert 135132132 (base 6) to base 4.
22203000320
-11000001101000111001 (base 2) to base 8
-3015071
Convert 130033321030 (base 4) to base 12.
2591464
Convert -32156 (base 14) to base 4.
-131202300
340131413 (base 6) to base 4
113202200001
-80dc (base 16) to base 12
-17110
Convert -1111111001011010 (base 2) to base 13.
-2383a
What is -1203323211 (base 4) in base 9?
-683426
Convert 14518104 (base 9) to base 10.
7216456
Convert b4119 (base 12) to base 7.
1666431
What is -296a4b (base 16) in base 10?
-2714187
-114394 (base 13) to base 15
-813ea
-33320231 (base 4) to base 6
-1221125
Convert -100255040 (base 6) to base 11.
-a63337
-b936b (base 13) to base 16
-51acc
Convert -10300023033 (base 4) to base 5.
-304332103
Convert -21615514 (base 7) to base 13.
-5061a3
-26448 (base 10) to base 5
-1321243
Convert 10ae4 (base 16) to base 7.
403124
4dc5a6 (base 16) to base 13
1095bcc
-86171 (base 9) to base 12
-28ba7
Convert 4b8a6c (base 15) to base 14.
6a4859
Convert 4b31 (base 15) to base 9.
23871
What is -111111001001101100010 (base 2) in base 15?
-2ad216
-18a0976 (base 12) to base 11
-2a21948
18b902 (base 13) to base 3
1011202222121
144e5 (base 16) to base 14
2244d
What is -4182844 (base 9) in base 14?
-4241a7
100011011010010001110 (base 2) to base 10
1160334
-210240102 (base 5) to base 4
-3103330320
What is -351002 (base 14) in base 15?
-25abd3
What is -66271 (base 10) in base 11?
-45877
What is 1ad97b (base 14) in base 2?
11101010010000101001
-223131101 (base 4) to base 6
-3452025
-7a4040 (base 14) to base 5
-2031104320
Convert -796c4 (base 14) to base 6.
-10153312
What is 174867 (base 16) in base 15?
202193
-624b (base 15) to base 6
-240055
227aa (base 15) to base 14
2bdc3
6505103 (base 7) to base 14
16873a
Convert -11100100011101100011 (base 2) to base 10.
-935779
What is -701b70 (base 13) in base 3?
-11220020220202
Convert 429803 (base 10) to base 13.
12082a
364153 (base 8) to base 5
13000120
Convert 1032534 (base 7) to base 2.
11110101101110000
Convert -27622 (base 15) to base 12.
-61095
Convert -4603730 (base 8) to base 11.
-782041
290381 (base 15) to base 16
1e2383
Convert 11314240 (base 6) to base 16.
55fb0
What is -645d4d (base 16) in base 6?
-352551153
Convert -2ccb7 (base 13) to base 4.
-110322200
-13313510 (base 6) to base 15
-8be5c
What is -21302031 (base 4) in base 8?
-116215
What is b3c2c (base 13) in base 15?
659bd
What is -201002120120211 (base 3) in base 11?
-5801472
Convert -55452052 (base 6) to base 11.
-a414a9
54525 (base 9) to base 14
d261
ba2 (base 14) to base 15
a33
Convert -406014 (base 7) to base 3.
-10112001120
What is -1111000110101111110 (base 2) in base 6?
-14335314
556ba3 (base 12) to base 4
11030000223
431140 (base 14) to base 11
1310159
Convert 15056060 (base 7) to base 2.
101011100000111100101
Convert 11011101110100001010011 (base 2) to base 5.
3330042220
What is 880410 (base 11) in base 15?
1cb906
-388c42c (base 13) to base 16
-10e2d61
-656a8 (base 11) to base 10
-95345
What is -101010000100110001 (base 2) in base 7?
-1315304
Convert 10000010000100100000101 (base 2) to base 15.
592cd4
What is -23011032123 (base 4) in base 9?
-5416803
What is -1376341 (base 9) in base 14?
-15a945
Convert -3032112012 (base 4) to base 7.
-10120053
201210012020 (base 3) to base 12
169443
f81d9 (base 16) to base 8
3700731
Convert 1242050 (base 8) to base 11.
216333
2cfb9 (base 16) to base 15
398d4
What is 333221202 (base 4) in base 16?
3fa62
Convert -21896 (base 13) to base 8.
-166572
f18029 (base 16) to base 4
330120000221
-214245366 (base 7) to base 5
-11243300434
Convert -1140414022 (base 5) to base 10.
-2669887
What is -12515531 (base 6) in base 2?
-1100101001111101111
Convert -159439 (base 12) to base 15.
-74390
Convert -549189 (base 11) to base 3.
-1122111200001
-1021210130 (base 4) to base 10
-301340
Convert -5a96e1 (base 15) to base 13.
-b8a233
What is 9819 (base 12) in base 2?
100000101010101
Convert 371122 (base 14) to base 16.
1cc4aa
127265 (base 11) to base 9
334261
-656413 (base 